e the remainder when 54 + (a - 3) - -1 is divided by 14.
11
Let l(j) = j**3 - 10*j**2 - 1. Let y be l(10). Suppose -3*c + 25 = 4*o, -c - 2*c + 5*o + 43 = 0. What is the remainder when y*1*126/(-3) is divided by c?
9
Let z = 5 - -9. Calculate the remainder when (26/1)/((-7)/((-84)/8)) is divided by z.
11
Suppose -124 = -3*x + x. Calculate the remainder when x is divided by (12 - (-3 - -2)) + 3.
14
Suppose -53 = -6*g + 5*g. Calculate the remainder when g is divided by 14.
11
Suppose 0 = u + 5 - 0, 25 = 2*t - 5*u. Suppose t*p - 30 = -3*p. What is the remainder when 29 is divided by p?
9
Suppose 2*l + p + 47 = 130, 5*p = -4*l + 181. Suppose o = -3*c + 37, -3*o - 71 = -c - 3*c. What is the remainder when l is divided by c?
11
Let c(b) = -27*b - 1. Let a be c(1). Let o(m) = m**3 + 5*m**2 - 5*m + 2. Let n be o(-6). What is the remainder when 25 is divided by a/n - 2/(-1)?
7
Let o = 7 + 4. Calculate the remainder when 54 is divided by o.
10
Let k be 4/5*5*1. Suppose -6*x + 4 = o - k*x, -5*x + 19 = 4*o. What is the remainder when o is divided by 4?
2
Let b(c) = -9*c + 16. Let x(s) = -s + 1. Let z(h) = -b(h) + 6*x(h). Let o(q) = 4*q**2 + 10*q - 7. Calculate the remainder when o(-5) is divided by z(7).
10
Let i = 31 - 7. Suppose 4*s = i + 16. What is the remainder when 19 is divided by s?
9
Let o(g) = 6*g + 5. Calculate the remainder when o(3) is divided by 8.
7
Let w = 5 + -1. Let b = 5 - w. Calculate the remainder when b is divided by 1.
0
Let l(f) = f**2 + f + 1. Let p(w) = 5*w**2 + 15*w - 7. Let t(m) = -4*l(m) + p(m). Calculate the remainder when 73 is divided by t(-13).
13
Let s be 60/(-9) + 4/6. Let f = -1 - s. Suppose -4*g - 2*k + 23 = -7*k, 4*k = -12. What is the remainder when f is divided by g?
1
Suppose l - 2*o - 4 = -0*l, 2*o + 8 = 2*l. Calculate the remainder when l is divided by 3.
1
Let f(y) = y - 2. Let r(b) = 2*b - 1. Let o(j) = 2*f(j) - 3*r(j). What is the remainder when o(-2) is divided by 5?
2
Let u be ((-22)/4)/(1/(-2)). Let g(f) = 3*f**3 + 2*f**2 - 2*f + 1. Let z be g(1). Let v = u - z. Calculate the remainder when 13 is divided by v.
6
Let u = -336 - -486. Calculate the remainder when u is divided by 38.
36
Suppose -6*h - 2*u = -11*h + 105, 0 = -5*u + 25. Calculate the remainder when h is divided by 12.
11
Suppose 2*m + 52 = 3*i, -i - 4*i = 5*m - 70. Let f = i + -9. What is the remainder when f is divided by 5?
2
Suppose -99*h = -101*h + 60. What is the remainder when 56 is divided by h?
26
Let h(y) = -y**3 - 6*y**2 - 2*y + 3. Let l be (2 - (-2 + -2))/(-1). Calculate the remainder when 28 is divided by h(l).
13
Let j(o) = o + 10. Let z be (-86)/10 + (-8)/20. What is the remainder when 1 is divided by j(z)?
0
Let q(v) = -5*v - 13. What is the remainder when 48 is divided by q(-6)?
14
Suppose 3*s + 2*s = 35. Let f(b) = b**3 + 10*b**2 + 6*b - 9. What is the remainder when f(-9) is divided by s?
4
Let s(z) = z**2 + 3*z - 2. Calculate the remainder when (14/(-3))/(5/(-15)) is divided by s(2).
6
Let o = -7 + 12. Suppose -o*h - 3*d + 4*d = -16, -4*h - 3*d = -9. What is the remainder when h is divided by 2?
1
Suppose 6*v = 3*v - 81. Let m = 38 + v. Calculate the remainder when m is divided by 3.
2
Let f be 277/5 - (-4)/(-10). Suppose 0 = -4*n + 4*j + 84, 7*j = -3*n + 2*j + f. Let o(g) = 4*g + 27. Calculate the remainder when o(8) is divided by n.
19
Let b(y) = 10*y**2 + 2*y + 1. Let i(q) = -2*q**2 - q. Let l be i(-1). Calculate the remainder when 26 is divided by b(l).
8
Let b(o) = 3*o**2 + 2*o. What is the remainder when 37 is divided by b(-3)?
16
Let o(h) = 3*h**3 - 3*h**2 + 2. Calculate the remainder when 39 is divided by o(2).
11
Suppose 0 = -6*j + 2*j + 596. What is the remainder when j is divided by 38?
35
Let o = 0 - -5. Let p be o/1 + (2 - 1). Suppose -p = 2*q + 2, 5*z = -5*q + 20. What is the remainder when 14 is divided by z?
6
Suppose d = 4*d - 15. Suppose -4*c + 38 = l + l, -c + 47 = 3*l. Suppose r - 3*n = l, d*r + 3*n - 2*n - 11 = 0. What is the remainder when 4 is divided by r?
1
Let c be (-75)/10 + 3/(-2). What is the remainder when 66 is divided by (c/(-18))/(2/92)?
20
Let x = 1 + 34. What is the remainder when x is divided by 13?
9
Let y(r) = 4*r - 9. Let o = 20 + -13. Calculate the remainder when y(o) is divided by 7.
5
Suppose -3 = -c - 1. Let r = 11 + -8. Calculate the remainder when r is divided by c.
1
Let s be (18/24)/((-1)/(-4)). Let h(l) = -4*l**2 + 3*l**s + 1 + 10*l**2 - 2*l**3. Calculate the remainder when 2 is divided by h(-6).
0
Let r(z) = z - 9. Let f be r(0). Let a be (-264)/f + (-2)/6. Suppose -153 = -4*g - a. Calculate the remainder when g is divided by 11.
9
Let b = -10 - -42. Suppose -4*v + 2*v = -b. Let w(s) = s**2 + s. Calculate the remainder when w(-6) is divided by v.
14
Suppose -27 = -4*d - 5*y, d + 9 = 2*d + 2*y. Suppose p = -5*m - 10 + d, -3*p = -4*m - 36. What is the remainder when p is divided by (-1)/(1*2/(-6))?
2
Let f(m) = -7*m - 5. Let z be f(-6). Suppose -z - 5 = -3*p. Let l = 140 + -132. What is the remainder when p is divided by l?
6
Let p be 2 - (-3 - (-3 - -3)). Suppose p*l = l + 64. Calculate the remainder when 46 is divided by l.
14
Suppose 0 = 2*l + 4, 5*p - l = -2*l + 1043. Calculate the remainder when 6/(-27) - p/(-9) is divided by 8.
7
Let c(m) = m - 7. Suppose -10 = -4*q + 3*q. Calculate the remainder when c(q) is divided by 1.
0
Let o(h) be the first derivative of 3*h**2 - h + 2. Let t(l) = l - 4. Let y be t(6). What is the remainder when 21 is divided by o(y)?
10
Suppose 2*t + 1 - 11 = 0. Let r(k) = -2*k - 1. Let f be r(-2). Suppose f*b - 9 = 15. What is the remainder when b is divided by t?
3
Let n(k) = k**2 - 6*k - 5. Let a be n(9). Suppose 10 = -5*f + r, -4*f + 4*r - a = -2*f. Calculate the remainder when 19 is divided by 2 - (-7 - f) - -2.
9
Suppose 5*y - 4 = 4*y, -4*y = 2*a - 12. What is the remainder when a/(-4)*(98 + 0) is divided by 26?
23
Suppose 0*k = 3*k - 42. What is the remainder when k is divided by 4?
2
Let w = 50 - 29. What is the remainder when w is divided by 6?
3
Let k(y) be the first derivative of y**4/4 - 4*y**3/3 + 5*y**2/2 + 2*y + 2. Calculate the remainder when 87 is divided by k(4).
21
Suppose -5*s = -s - 100. What is the remainder when s is divided by -3 + (48/3)/1?
12
What is the remainder when (-14 + -1 + -1)*(-18)/4 is divided by 15?
12
Suppose 0*o - 56 = -2*o. Let y(k) = -k**2 + 8*k + 3. Let d be 5/2*(-12)/(-5). Calculate the remainder when o is divided by y(d).
13
Let f = 23 - 14. Let m(a) = 3*a - 12. Calculate the remainder when m(f) is divided by 8.
7
Calculate the remainder when 51 is divided by 3 + 9 + 3/(-3) + 2.
12
Suppose n - 3*n + 6 = 0. Suppose -55 = -2*s - t + 41, -n*t + 190 = 4*s. What is the remainder when s is divided by 26?
23
Let t be 5/(-5) + (-1 - -38). Suppose 4*m - 2*m - t = 0. Calculate the remainder when m is divided by 7.
4
Calculate the remainder when 18 is divided by 15/(-20) + 69/12.
3
Let n = -49 - -21. Let c = 31 + n. Calculate the remainder when 6 is divided by c.
0
Suppose 4*p - 460 = -5*q, 0*p + 2*p - 3*q = 252. What is the remainder when p is divided by 41?
38
Suppose -6*o = -7*o + 3*i + 7, 2*i = -4*o + 42. Calculate the remainder when 15 is divided by o.
5
Let x(f) = -f**3 - f**2 + f. Let w be 4 + -6 + -1 + 5. Let q be 1/3*0 - w. Calculate the remainder when 2 is divided by x(q).
0
Let r(z) = -3*z - 10. Let v be r(-7). Suppose 0 = -5*k + 4 + v. Calculate the remainder when 4 is divided by k.
1
Let p be (1/3)/(2/18). Suppose 0*h - f - 14 = -3*h, p*h = 4*f + 11. Calculate the remainder when 9 is divided by h.
4
Suppose 7*u - 5*a = 3*u + 65, 0 = -u - 4*a - 10. What is the remainder when 49 is divided by u?
9
Let b(s) = -5*s + 1. Suppose -24 = -4*j - 2*g, 5*j + 2*g + 2*g - 30 = 0. Suppose 11 = k - j. What is the remainder when k is divided by b(-1)?
5
Suppose 4*s + 94 = 214. Calculate the remainder when 89 is divided by s.
29
Let y(f) = 2 + 8*f**2 + 3*f**2 - 5*f - 1 + 6*f. Calculate the remainder when y(-1) is divided by 4.
3
Suppose 6*x = x + 65. Let i = -6 + x. Suppose -2*j + 5*m = -2, -i*j + 2*j - 5*m = -75. What is the remainder when 32 is divided by j?
10
Let p(u) = u**3 - 19*u**2 - u + 39. Calculate the remainder when 55 is divided by p(19).
15
Let g(q) = q**3 - 6*q**2 + 6*q. Let h be g(5). Suppose -3*w + 0*i 